 f?
1
Suppose 0*z - 22 = -z. Suppose 2 = y, -z + 9 = -5*h + y. Let m(p) = 16*p + 8. What is the units digit of m(h)?
6
Suppose -11*p + 12*p - 18592 = 0. Suppose 39*o - p = 12569. What is the units digit of o?
9
Suppose 0*w - 5*y + 12743 = 3*w, y - 1 = 0. What is the units digit of w?
6
What is the units digit of 777095/142 - 6/4?
1
Let r be -1 + (-39)/(-15) - 6/(-15). Suppose -m = -3*z + r, -4 = -0*z + 3*z + 2*m. Suppose -7*g + 291 + 367 = z. What is the tens digit of g?
9
Suppose -10391 = -28*w + 19597. Let f = 1875 - w. What is the units digit of f?
4
Let p(n) = 18*n + 257. Let j be p(-14). Suppose j*d = 3*r + 1355, -7*d - 5*r = -2*d - 1395. What is the units digit of d?
4
Suppose -97 - 599 = -6*r. Let v(z) = 4*z**2 + r + 5*z**2 - 118 - 6*z - z**3. What is the tens digit of v(7)?
5
Suppose 3*a + 2*a - 15 = 0, 2*a = r + 31. Let l = r - -427. What is the hundreds digit of l?
4
Suppose -110*p + 109*p + 2884 = -3*t, -4*t - 11560 = -4*p. What is the thousands digit of p?
2
Suppose -7*j = 7*q - 8*q - 229589, j = 3*q + 32787. What is the tens digit of j?
9
Suppose 0 = -6*y - 90*y + 3976320. What is the hundreds digit of y?
4
Let p(u) = u**3 - 10*u**2 + 23*u + 2. Let c be p(5). What is the hundreds digit of 218 - (1 + c) - 1?
2
Let m(o) = 188*o - 20. Suppose -4*c - c = 3*r + 4, -12 = 3*c + 5*r. What is the hundreds digit of m(c)?
1
Let o(n) = 2*n**3 + 22*n**2 - 249*n - 16. What is the units digit of o(19)?
3
Let g(x) = 6*x**2 + 6*x - 3. Let c be g(4). Let r = c + -228. Let d = -79 - r. What is the tens digit of d?
3
Let f(n) = -n**3 - 3*n**2 + 2*n - 6. Let p be f(-4). Suppose -48558 = p*v + 2*c, -3*v = v - 3*c + 97123. What is the hundreds digit of v/(-100) + (-2)/(-10)?
2
Let h be 210/27 + -3 + (-6)/(-27). Suppose h*n + 2*l - 196 = -0*n, -5*n + 193 = l. What is the units digit of n?
8
Let v(g) = g**2 - 6. Let u be 1 + -1 - (-6 - -4). Let j be -12*u/12*3. What is the tens digit of v(j)?
3
Suppose 0*r - 2*r + m + 1093 = 0, 5*r + m - 2729 = 0. Let h = -64 + r. What is the tens digit of h?
8
Let a = 14 - 70. Suppose -2*l - 7 = -5*s + 31, -3*s - 36 = 3*l. What is the tens digit of l/a + 638/8?
8
Suppose 0 = 2*w + 2*u - 12534, -5*u - 16254 + 41320 = 4*w. What is the thousands digit of w?
6
Suppose -18*j = 10*j - 20452 - 251512. What is the hundreds digit of j?
7
Suppose -8*v + 3 = -7*v. Let m(o) = 20 - v*o + 0*o + 16*o - o**2. What is the units digit of m(11)?
2
Let y be 6/10 - (3 - 17/5). Let t be (y + (-8)/4)*(-2 + -1). Suppose -5*r + 197 = 2*s, 3*s + 8*r - 298 = t*r. What is the units digit of s?
1
Suppose 5*y - 2*u + 27 = -4, -4*y - 8 = 4*u. Let p be (64/(-12) - y) + (-3820)/6. Let d = -451 - p. What is the tens digit of d?
8
Let y(r) = -r - 3. Let d be y(-8). Suppose -c - 3*a + 24 = 4*c, -4*a - 3 = -d*c. Suppose 3*m = -z - 4*z + 721, c*z - 481 = -2*m. What is the tens digit of m?
4
Let d(c) = 29*c**2 - 7*c - 2. Suppose 79 = 2*j + 85. Let v be d(j). Suppose 2*r - v = -6*r. What is the tens digit of r?
3
What is the ten thousands digit of 19863 + (12 + -1 - 17) + 6?
1
Suppose -846 = -55*d + 52*d. Suppose p + 5*v = -4*p + 340, -4*p = -v - d. Suppose 7*c - p = 6*c. What is the units digit of c?
0
Suppose 0 = -180*n + 204*n - 60888. What is the hundreds digit of n?
5
Let t = -9 + 13. Suppose -4605 = -69*v - 13092. Let j = t - v. What is the units digit of j?
7
Let a be -2 + -12*(5 + 9/(-2)). Suppose -4*t = -t + 12. What is the tens digit of 1/(a/148)*t?
7
Let d(p) = 30*p**2 - 7*p + 4. Let i = 190 - 188. What is the hundreds digit of d(i)?
1
Let n = 3477 - -27588. What is the hundreds digit of n?
0
Let v be (-5)/75*-12 + (-1556)/(-5). Let m = v - -24. What is the tens digit of m?
3
Let h(k) = -274*k - 25. Let i be h(-3). Let a = i - -65. What is the tens digit of a?
6
What is the hundreds digit of (-12)/3*17/((-204)/23085)?
6
Let g be 40 + -41 + 13*11. Suppose 2*s - 648 + g = 2*t, 5*s = -4*t + 1301. What is the units digit of s?
7
Let p be ((-1)/3)/((-3)/(-9)). Let w(z) = 28*z**2 + 7*z + 6. Let r be w(p). Suppose r = 2*d + 7. What is the tens digit of d?
1
Let g be (-22504)/10 - 68/(-170). What is the units digit of ((-60)/(-16))/(g/752 + 3)?
0
What is the tens digit of (433 - 500)*(-529 + -1) + -1*2?
0
Let o(l) = 3*l**2 + 8*l - 9. Let q be -3*((-16)/18)/(12/(-18)). What is the units digit of o(q)?
7
What is the ten thousands digit of -8*(-3612)/144*(-2061)/(-6)?
6
Suppose -5*w = -3*s - 71, -w + 21 = -s - 2*w. Let i = s + 31. Suppose 4*m - 3*q - 266 = 0, -4*m - q - 338 = -i*m. What is the units digit of m?
8
Let x = -43261 + 68165. What is the units digit of x?
4
Let p be -2 - (10 + -1 - 0). Let u = p + 21. Suppose 0 = -3*g + u*g - 1519. What is the hundreds digit of g?
2
Let t(j) = -741*j - 226. What is the hundreds digit of t(-12)?
6
Let g be (-956)/(-2)*(-8 - (-51)/6). Let x = g + -225. What is the tens digit of x?
1
Let l(h) = -h**3 + 13*h**2 + 18*h + 17. Let w be l(18). Let s = -886 - w. What is the hundreds digit of s?
3
Let o(j) be the second derivative of -j**4/12 - 7*j**3 + 14*j**2 + 15*j + 2. What is the hundreds digit of o(-27)?
4
Suppose -175*q + 307288 = -33*q. What is the units digit of q?
4
Let m be (-2367)/(-18)*6/(-1). What is the tens digit of m*(-6 - -5)*1 - -4?
9
Let n be ((-50)/(-6))/(44/(-6) - -7). Let i = n - -141. What is the hundreds digit of i?
1
Let l = -92 + 102. Let g be (-200)/l*(-3)/6. Suppose 0*k = g*k - 1880. What is the units digit of k?
8
Suppose -p + 9011 = -4*r, 7*p = 9*p + 3*r - 18011. What is the hundreds digit of p?
0
Let s = 31 - 37. Let t be s/((-18)/15)*1. Suppose 0*l - l - 572 = -t*w, -2*w + 230 = -l. What is the hundreds digit of w?
1
Suppose -20*n = -11*n - 153. Suppose -5*w + 18 = -n. Suppose -4*c + 6*m = 3*m - 30, c = m + w. What is the units digit of c?
9
Let g(d) = -114*d + 72. Let k be g(-26). What is the tens digit of (k/(-165))/((-1)/65)?
9
What is the thousands digit of (-10)/15*30/30 - (-43138)/6?
7
Let h(b) = 3126*b**3 - 1. What is the units digit of h(1)?
5
Let j(h) = -6*h**3 - 9*h**2 + 5*h - 37. What is the tens digit of j(-7)?
4
Let a = -6568 - -20053. What is the tens digit of a?
8
Suppose 0 = -5*x - 17 - 8, 97184 = 4*f + 4*x. What is the tens digit of f?
0
Suppose 3*r = 5*r - 6. Suppose -4*z = r*g - 221, 4*z - 233 + 2 = -g. Suppose -z = -o + 47. What is the hundreds digit of o?
1
Let b be ((-669)/(-2))/(3/6 - 0). Suppose 10*x = 13*x - b. What is the units digit of x?
3
Suppose 54*g - 55*g - 32 = 0. Let q(f) = -9*f - 164. What is the tens digit of q(g)?
2
Let n be (-12)/(-2)*(20/(-6) + 4). Suppose 3*g - 7*g = -5*m - 1297, 4*g - n*m = 1292. What is the tens digit of g?
1
Let z = 89 - 168. Let k = 0 - z. What is the tens digit of 1 + k + (4 - 0)?
8
Suppose 0 = 7*u - 2*m - 33098, 2*u - 6079 - 3378 = m. What is the hundreds digit of u?
7
Let v(t) = -t**3 - t**2 - 3*t + 1359. Let s be v(0). Let n = s - 914. What is the units digit of n?
5
Suppose 3*u = 3*y + 5*u - 65, 5*u + 100 = 5*y. Suppose -3 + y = 6*s. Suppose 5*f = -25, s*f - 11 = -k + 66. What is the tens digit of k?
9
What is the thousands digit of 13480*(0 - (-12)/30)?
5
Suppose 70175 - 955487 = -159*n. What is the hundreds digit of n?
5
Let m(u) = -56*u - 2. Let i be m(-1). Suppose 6*z - i = -3*z. Suppose z*l - 56 = 4*l. What is the units digit of l?
8
Let b = -36207 - -69373. What is the units digit of b?
6
Suppose -2*i + 2920 = -2*t, -4*i + 16*t - 13*t = -5838. Let u = i - 628. What is the tens digit of u?
3
Let k be ((-30)/9)/(2/(-3)). Suppose -k*o + 5*l = -2860, -o + 2*l + 574 = -l. What is the units digit of o?
1
Let r = 43904 + -23738. What is the ten thousands digit of r?
2
Suppose -3*h + 2*m - 2291 - 1798 = 0, h + 1377 = -4*m. What is the tens digit of 3/(-2) + h/(-14)?
9
Let i(p) = -56*p**2 - 10*p. Let l be i(-8). Let a = l - -4986. What is the thousands digit of a?
1
Suppose -4*n + 1068 = 4*s, 6*n - n + 20 = 0. Let y be (-4)/(-2) - 3*s/(-3). Let p = -165 + y. What is the hundreds digit of p?
1
Suppose -195790 + 54182 = -8*s. What is the tens digit of s?
0
Suppose -16*a + 9 = -39. Suppose -5*d + 8*d - 15 = 0, 0 = -4*u + a*d + 2297. What is the hundreds digit of u?
5
Let w be -4 + (-4 + 3 - -28). Suppose 3*s = w + 4. Let o(z) = -z**3 + 11*z**2 - 11*z + 4. What is the units digit of o(s)?
7
Suppose 31*y + 39*y - 132770 = 93820. Wh